is divided by 2.
1
Suppose -892 = 58*u - 3270. What is the remainder when 174 is divided by u?
10
Let c(v) = -3*v**3 + v**2 + 2*v + 3. Suppose -5*x - 4*u + 53 = -42, -40 = -x - 5*u. Calculate the remainder when c(-2) is divided by x/10*20/3.
7
Suppose -5*u + 4*v = -85, 0 = -0*v + v. Suppose -5*z + 4*z + 17 = -4*a, 0 = -z + 3*a + 14. Calculate the remainder when u is divided by z.
2
Let u(o) = 844*o - 4198. Suppose 4*b = -4*s + 252, -s + 192 = 3*b + 3*s. Calculate the remainder when b is divided by u(5).
16
Let s = -521 + 537. What is the remainder when 73 is divided by s?
9
Suppose 1 + 36 = 6*n - 131. What is the remainder when 55 + (0 - (1 - 1)) is divided by n?
27
Suppose -92 - 33 = -5*a. Let f = 32 + -34. What is the remainder when a is divided by -4 + 0 - -11 - f?
7
Suppose 0 = -u - 6 + 20. Calculate the remainder when (-8)/1 - (64 - 96) is divided by u.
10
Let z(o) = -o**2 - 3*o + 12. Let t be z(-5). Calculate the remainder when t + (3 - (3 - 29)) is divided by 8.
7
Let n(v) = v**3 + 5*v**2 + 2*v - 5. Let w be n(-4). Suppose 5*r - 90 = -3*t, 6 = -w*r + 4*r + 3*t. What is the remainder when 60 is divided by r?
18
Suppose -184 = -11*t + 80. Calculate the remainder when 106 is divided by t.
10
Let c = 8 + -8. Suppose c = -6*u - 16 + 4. Calculate the remainder when (-107)/(-5) + u/5 is divided by 11.
10
Let a = -18145 - -18189. Suppose 0 = -5*w + 2*w. Calculate the remainder when a is divided by 15 + 0/(1 - w).
14
Let l = 9 - -6. Let c = l + -5. Let q = c - 5. What is the remainder when 19 is divided by q?
4
Calculate the remainder when 183 is divided by (-4 - (-45)/10)*(1 + 73).
35
Let s(d) = 2*d + 10*d - 11*d - 2 - 10. Let v(i) = -i**2 + 9*i - 2. Let m be v(6). Calculate the remainder when 13 is divided by s(m).
1
Suppose n + s = 6*n - 350, 4*n - s = 281. Calculate the remainder when (3 + (-21)/9)*n is divided by (-260)/(-16) + 2/(-8).
14
Let l = -54 - -96. Let x(w) = -3*w - 16. Calculate the remainder when l is divided by x(-9).
9
Let w(f) = -4*f + 18. Let t be w(0). Let j = t + -13. Calculate the remainder when 28 is divided by j.
3
Let c(s) = s**2 - 3*s + 6. Let k be c(-8). Let y = k - 131. What is the remainder when 4 - (5 - 2) - y is divided by 10?
8
Suppose 3*q - 23*q = -2320. Calculate the remainder when 809 is divided by q.
113
Suppose 4*y + 4*w - 91 = -23, 0 = 5*w - 20. What is the remainder when 93*-4*(-1)/6 is divided by y?
10
Let s = -387 + 396. Calculate the remainder when 68 is divided by s.
5
Let h(s) = 5*s**2 + 5*s + 6. Let n be h(-3). Suppose -3*x = -7*x - n. Let l(o) = -2*o - 5. What is the remainder when 38 is divided by l(x)?
12
Let l = -2552 - -2627. What is the remainder when 81 is divided by l?
6
Let w(d) = d**3 - 8*d**2 + 11*d + 9. Let v be w(6). Suppose m - 272 = -v*m. Calculate the remainder when m is divided by 14.
12
Suppose -2*u + 21 = 4*v - 3*v, -2*v = 2. Suppose -4 - u = -t. Calculate the remainder when 71 is divided by t.
11
Let c(v) = 13*v**2 - 2*v + 4. Let y be c(2). Let t = y + 15. What is the remainder when t is divided by 3*((-104)/(-12) + -1)?
21
Let n(s) = -11*s + 84. Suppose 0*y - y + 7 = 0. What is the remainder when n(2) is divided by y?
6
Suppose 4*r + 5*f = 34, 2*f - 40 = -5*r + r. What is the remainder when r is divided by (-1)/12*-102 + 9/(-6)?
4
Let g(q) = -2*q**3 - 2*q**2 + 2*q + 6. Let n = -129 + 135. Suppose 87 = n*a - 105. What is the remainder when g(-4) is divided by a?
30
Let k be 3*(-15)/18*(-6)/5. What is the remainder when 71 is divided by k/(1/24*4)?
17
Let f = 420 - 297. Calculate the remainder when f is divided by 39.
6
Suppose -57 - 73 = -10*k. What is the remainder when 76 is divided by k?
11
Suppose 5*d - 22 = -2*t, 3*t - 12 = -12*d + 15*d. What is the remainder when 20 is divided by t?
2
Suppose 0 - 2 = -2*f. Let c = 4 + f. What is the remainder when 14 is divided by 1/c - 273/(-35)?
6
Let w = 42 + -12. Suppose -26*s - 708 = -84. What is the remainder when w is divided by ((-198)/s)/((-21)/(-28))?
8
Let n = 1025 + -850. Calculate the remainder when 710 is divided by n.
10
Let o = -164 + 261. Calculate the remainder when 282 is divided by o.
88
Suppose 3*i + m - 83 = 0, 3*m = 5*i - 2*i - 63. Suppose 2*t = -5*q + 380, -3*t = -4*q + 84 + 197. What is the remainder when q is divided by i?
22
Suppose -10*r - 220 = -5*r. Let a be 2/11 - 5932/r. Suppose 5*i + a = -d + 6*d, -4*i = 12. What is the remainder when d is divided by 9?
6
Let t(j) = -j**2 + 8*j + 4. Let v be t(8). Suppose r - v*u + 17 = 0, -5*r + 3*u - 5 = -u. Calculate the remainder when r/(-2) - (-314)/4 is divided by 26.
25
Suppose -d + 66 = 2*d. Suppose v = 3*t + d, -4*v - 72 = 3*t - 205. Calculate the remainder when v is divided by (24/5)/((-3)/(-10)).
15
Let t be ((-48)/(-20))/(2/(-65)). Let d = t + 122. Calculate the remainder when d is divided by (-12)/(-2 + 20/16).
12
Suppose 6*y = 196 + 110. Calculate the remainder when 198 is divided by y.
45
What is the remainder when 460 is divided by 12337/104 - 9/(-24)?
103
Let k(f) = f**3 + 12*f**2 - f - 16. Let i be k(-8). Suppose -i = -28*g + 20*g. What is the remainder when g is divided by 11?
9
Let q(i) = 7*i + 4 - i**2 + 2 - 3. Calculate the remainder when (-589)/(-57) + (-2)/6 is divided by q(7).
1
Let t be 1 - (-5)/((-20)/(-8)). What is the remainder when 6 - ((-12)/t + 2) is divided by 4?
0
Let w(n) = -50*n - 33. What is the remainder when 468 is divided by w(-1)?
9
Let w(o) = -o**3 - 21*o**2 + 20*o - 26. Let i be w(-22). Suppose -4*v + i = -6. What is the remainder when 29 is divided by v?
5
Suppose -4*d + 0*d = -4*g + 144, -2*g + 72 = -4*d. What is the remainder when g is divided by 12?
0
Suppose 2*h - 105 = -3*h. Calculate the remainder when (38 + -7)*(1 + -2)*-2 is divided by h.
20
Let v(j) = j. Let r be v(3). Let w(k) = -11*k + 35. Let d be w(3). Suppose -d*t + 0*s - s = -31, -23 = -t - r*s. Calculate the remainder when t is divided by 8.
6
Suppose 450 + 56 = 2*q. Let w = -151 + q. Let n = w + -46. What is the remainder when n is divided by 19?
18
Suppose 4*j + 3*y = 100, -7*j = -2*j - 4*y - 156. Let q = -1136 - -1145. Calculate the remainder when j is divided by q.
1
What is the remainder when 104/((108/(-32))/(-27)) is divided by 19?
15
Let h(k) = 6*k**2 - 10*k - 12. What is the remainder when h(8) is divided by 49?
47
What is the remainder when 192 is divided by 14/(-4)*5/((-5)/14)?
45
Let a = -540 - -631. What is the remainder when a is divided by 16?
11
Let d be (0/4 - 1)*2. Let a be (d - -1)*(-9 - -6). Suppose -7*z + a*z = -112. Calculate the remainder when 83 is divided by z.
27
Suppose 8*v + 431 - 799 = 0. Calculate the remainder when 134 is divided by v.
42
Suppose -5*l = 2*r - 22 - 53, l + 1 = 0. What is the remainder when 110 is divided by r?
30
Let u = -83 - -135. Calculate the remainder when 92 is divided by u.
40
Let s = -73 + 115. Let y = s + -30. What is the remainder when (-2 - 45)*-1*1 is divided by y?
11
Let m = 9 - 7. Suppose -k + 3*i + 14 = m*i, 2*k - 3*i - 28 = 0. What is the remainder when k is divided by 5?
4
What is the remainder when (-55)/33 - 3731/(-39) is divided by 35?
24
Let o(h) = -h**3 + 2*h**2 - 2*h + 1. Let d be o(1). Suppose 0 = 2*j + k - 18, 2*k + d*k = 0. Calculate the remainder when 14 is divided by j.
5
Suppose -289*h + 6460 = -279*h. Calculate the remainder when h is divided by 82.
72
Let s(x) = -2*x**3 - 19*x**2 + 33*x + 4. What is the remainder when 25 is divided by s(-11)?
1
Suppose 9871 = -5*u + 481. What is the remainder when 82 is divided by (-4)/(-30) - u/90?
19
Let k be (-36)/(-12)*(-8)/(-6). Let z be (-12)/(-56)*k*-7. Let y(r) = -r**3 - 5*r**2 + 4*r - 1. What is the remainder when 31 is divided by y(z)?
9
Let f = 18 - 4. Let q = -31 + 48. Let j = 57 - q. Calculate the remainder when j is divided by f.
12
Suppose -154 = -3*b + 2*j + 139, -3*j + 463 = 5*b. Suppose -4*l + 41 = -b. Calculate the remainder when l is divided by 7.
6
What is the remainder when 63 is divided by (-2)/(4/(-10))*1?
3
Suppose 4 = -g + 6. Suppose -3*o + 8 = 3*k - 10, -14 = k + 5*o. Suppose s = 4*w + k + 8, -w - 45 = -g*s. Calculate the remainder when s is divided by 8.
7
Suppose w - 108 = -t, 6*w - t = w + 516. What is the remainder when w is divided by 19?
9
Let y(s) = -s**2 + 3*s + 121. Calculate the remainder when 530 is divided by y(12